*2 + 118*a - 2762. Calculate f(-138).
-2
Let d(b) = 3*b**3 - 104*b**2 - 35*b + 16. Determine d(35).
16
Let z(b) = 8*b**2 + 56*b + 41. Calculate z(-6).
-7
Let p(o) = -40*o**2 - 336*o + 14. Calculate p(-11).
-1130
Let q(p) = 4*p + 230. What is q(-3)?
218
Let p(m) = 64*m - 4. Determine p(0).
-4
Let h(q) = -q**2 + 15*q + 1. Determine h(0).
1
Let w(b) = 9*b**3 - 5*b**2 - 10*b + 2. Determine w(-3).
-256
Let p(k) = 9*k**3 + 524*k**2 + 112*k - 230. What is p(-58)?
2
Let g(s) = 55*s + 1084. Give g(-22).
-126
Let y(x) = -x**3 - 16*x**2 - 44*x - 214. Calculate y(-16).
490
Let n(k) = k**2 + 966*k + 98607. What is n(-116)?
7
Let z(f) = 4*f**3 - 158*f**2 - 80*f + 8. Give z(40).
8
Let b(c) = 7*c**2 + 60*c + 101. What is b(-8)?
69
Let u(v) = -39*v**2 - 102*v - 99. Give u(-1).
-36
Let l(h) = h**2 + 33*h + 224. Calculate l(-24).
8
Let w(r) = 2*r + 8. Determine w(-9).
-10
Let m(q) = -q**3 + 81*q**2 - 503*q - 1091. Give m(74).
19
Let s(d) = -d**2 + 34*d + 339. Give s(41).
52
Let r(q) = 3*q**2 + 52*q + 9. Determine r(-19).
104
Let z(n) = -2*n**2 - 6*n + 213. Calculate z(-12).
-3
Let h(z) = z**3 + 3*z**2 - 33*z + 35. Calculate h(3).
-10
Let d(g) = -32*g**2 - 33*g - 36. Calculate d(-5).
-671
Let b(z) = -z**2 + 5*z + 278. Calculate b(16).
102
Let n(x) = x**2 - 8*x + 30. What is n(7)?
23
Let w(h) = h**3 - 44*h**2 - 92*h + 2091. Calculate w(45).
-24
Let l(f) = -f**3 - 2*f**2 - 4*f + 5. Determine l(-5).
100
Let c(s) = -3*s**2 - 31*s + 106. What is c(-13)?
2
Let p(g) = 9*g**2 + 34*g - 228. Calculate p(6).
300
Let q(c) = 2*c**3 + 5*c**2 - 3*c + 4. Calculate q(-5).
-106
Let g(l) = 2*l**3 - 3*l**2 - 61*l - 150. Give g(-3).
-48
Let i(f) = 415*f + 7083. Calculate i(-17).
28
Let c(n) = 5*n + 7. Calculate c(27).
142
Let z(u) = 8*u**2 + 35*u - 17. Calculate z(6).
481
Let x(u) = 4*u**2 - 20*u + 63. What is x(5)?
63
Let t(f) = -17575*f + 17594. What is t(1)?
19
Let t(a) = 56*a - 210. Calculate t(7).
182
Let i(g) = 99*g - 810. Calculate i(9).
81
Let q(w) = -w**3 + 8*w**2 - 14. Determine q(6).
58
Let v(l) = 33*l**2 - l - 7. Determine v(1).
25
Let l(x) = -10*x - 29. What is l(1)?
-39
Let n(b) = -b**2 + 160*b + 877. What is n(-6)?
-119
Let p(x) = -9*x**2 - 20*x - 12. Give p(0).
-12
Let b(z) = -3657*z + 7322. Determine b(2).
8
Let k(v) = -v**2 + 137*v - 3883. Calculate k(40).
-3
Let a(b) = 17*b**3 - 221*b**2 + b - 15. Determine a(13).
-2
Let w(k) = 255*k + 204. Give w(-1).
-51
Let j(y) = -5*y**2 - 20*y + 38. Give j(-5).
13
Let p(f) = 39*f - 418. Determine p(11).
11
Let y(m) = 2*m - 61. Determine y(-13).
-87
Let p(c) = 24*c**2 - 77*c - 60. Calculate p(4).
16
Let m(c) = 705*c + 4220. Calculate m(-6).
-10
Let p(f) = f**3 + 9*f**2 + 3*f - 49. Calculate p(-8).
-9
Let c(l) = 62*l + 655. Give c(-12).
-89
Let c(q) = 8*q**2 + 6*q + 10. What is c(-3)?
64
Let r(l) = -110*l - 5183. Give r(-47).
-13
Let s(z) = 36*z**3 - 70*z**2 + z. Calculate s(2).
10
Let q(b) = -b**3 + 49*b**2 + 92*b + 532. Give q(51).
22
Let i(c) = -25*c - 1486. Give i(-60).
14
Let c(u) = 5*u + 118. Calculate c(-8).
78
Let c(h) = -h**3 - 8*h**2 - 171*h - 1631. Calculate c(-9).
-11
Let f(k) = 502*k + 4. Give f(0).
4
Let i(u) = -4*u**2 + 17*u - 64. Calculate i(9).
-235
Let d(f) = -2*f**2 - 112*f + 1463. Give d(11).
-11
Let n(y) = -99*y**2 - 3*y - 4. Give n(-1).
-100
Let t(z) = -693*z + 6909. Determine t(10).
-21
Let g(x) = -x**3 - 3*x**2 + 13*x + 22. Calculate g(0).
22
Let v(l) = 386*l - 777. Determine v(2).
-5
Let m(a) = -3*a**3 + 34*a**2 + 212*a - 9. Give m(-5).
156
Let z(m) = -4*m**2 + 81*m + 783. Calculate z(-8).
-121
Let l(c) = -322*c - 1399. Give l(-5).
211
Let k(z) = -z**3 + 21*z**2 + 11*z + 243. Give k(22).
1
Let q(d) = -3*d**3 + 60*d - 13. Calculate q(0).
-13
Let j(g) = 16*g**2 + 419*g - 345. Calculate j(-27).
6
Let v(g) = -g**3 - 6*g**2 + 59*g - 72. Give v(4).
4
Let l(x) = 187*x - 2759. Calculate l(15).
46
Let p(s) = -7180*s - 7128. Give p(-1).
52
Let q(z) = 9*z**2 - 29*z + 12. Calculate q(3).
6
Let g(f) = -13*f**2 + f + 1. Calculate g(-4).
-211
Let h(y) = -4*y**3 + 17*y**2 - 13*y - 4. Give h(1).
-4
Let h(c) = -29*c - 1763. Give h(-60).
-23
Let u(g) = g**2 + 35*g - 437. Give u(-46).
69
Let r(j) = 212*j + 10187. Give r(-48).
11
Let a(b) = -229*b + 2373. Calculate a(12).
-375
Let f(p) = -p**3 + 165*p**2 + 196*p - 4970. What is f(166)?
10
Let o(m) = 4*m**2 + 2*m - 57. What is o(9)?
285
Let t(c) = c**3 + 38*c**2 + 39*c + 119. Give t(-37).
45
Let i(d) = -d**3 + 128*d**2 - 2338*d + 130. What is i(22)?
-2
Let a(y) = -8*y - 399. Determine a(-50).
1
Let w(v) = 28*v**2 + 265*v + 147. Determine w(-9).
30
Let m(u) = 2*u**3 - 19*u**2 + 93*u - 862. Determine m(9).
-106
Let l(q) = 3096*q + 24783. Determine l(-8).
15
Let c(t) = -314*t + 2756. Determine c(9).
-70
Let s(q) = 9*q**2 - 77*q - 69. Calculate s(15).
801
Let r(b) = b**3 - 16*b**2 + 9*b - 10. Determine r(15).
-100
Let k(f) = -f**3 - 5*f**2 + 3*f + 34. What is k(-4)?
6
Let g(f) = 4*f**3 - 628*f**2 + 2*f - 323. Give g(157).
-9
Let m(a) = 22*a - 691. Give m(32).
13
Let y(t) = -t**2 + 592*t - 6378. Determine y(11).
13
Let s(n) = -n**3 + 33*n**2 - 88*n + 44. Calculate s(30).
104
Let m(l) = 1780*l - 7100. What is m(4)?
20
Let w(f) = -18*f**2 + 5*f + 9. Determine w(-1).
-14
Let g(n) = -2*n**2 - 63*n - 6. Give g(-33).
-105
Let r(p) = -18*p + 1715. What is r(104)?
-157
Let g(y) = y**3 - 41*y**2 + 51*y - 442. Determine g(40).
-2
Let g(t) = t**3 - 12*t**2 - 19*t - 12. Give g(14).
114
Let p(x) = -18020*x - 54063. Give p(-3).
-3
Let v(r) = r**2 - 16*r + 42. Give v(4).
-6
Let v(d) = 8*d**2 + 43*d + 21. Determine v(-5).
6
Let k(j) = -6*j**3 - 97*j**2 + 198*j + 26. What is k(-18)?
26
Let s(f) = 16*f - 1038. What is s(62)?
-46
Let x(k) = -6270*k + 12530. Give x(2).
-10
Let n(i) = -i**3 - 178*i**2 + 2*i + 369. Determine n(-178).
13
Let r(i) = -i**3 - 14*i**2 - 54*i - 133. Determine r(-10).
7
Let q(p) = -p**3 - 62*p**2 + 64*p - 4. What is q(-63)?
-67
Let c(o) = 50*o - 1089. Give c(21).
-39
Let u(h) = 312*h**2 + 4*h - 2. What is u(1)?
314
Let t(q) = -q**3 - 79*q**2 + 158*q - 340. Give t(-81).
-16
Let m(i) = -11*i + 18. Calculate m(3).
-15
Let b(o) = o**3 - 36*o**2 + 127*o + 886. Give b(31).
18
Let v(h) = h**2 + 5*h - 257. Give v(-19).
9
Let o(a) = -4*a**2 - 45*a - 44. Determine o(-7).
75
Let t(p) = -121*p + 414. What is t(3)?
51
Let n(f) = 40*f + 690. Determine n(-16).
50
Let q(r) = 57*r - 10. Determine q(-2).
-124
Let z(h) = 2*h**3 - 25*h**2 - 33*h + 281. What is z(13)?
21
Let p(o) = -o**2 + 14*o + 30. Determine p(11).
63
Let x(p) = p**2 - 33*p - 220. Give x(37).
-72
Let v(q) = 44*q + 1671. Give v(-39).
-45
Let j(k) = k**3 + 13*k**2 + 18*k + 5. What is j(-10)?
125
Let m(y) = 2210*y + 4378. Calculate m(-2).
-42
Let w(o) = -40*o + 2885. Determine w(72).
5
Let r(i) = -97761*i + 782083. Determine r(8).
-5
Let y(g) = -11*g + 500. Calculate y(29).
181
Let w(a) = 3*a**3 + 15*a**2 - 41*a - 192. Give w(-3).
-15
Let i(g) = -31796*g + 95394. Calculate i(3).
6
Let w(x) = -x**3 - 3*x**2 + 11*x + 20. Give w(-6).
62
Let o(m) = -m**2 - 84*m - 836. Determine o(-72).
28
Let r(a) = -203*a - 63536. Determine r(-313).
3
Let k(d) = -257*d - 7498. Calculate k(-29).
-45
Let y(r) = r**2 + 9*r - 75. Determine y(6).
15
Let j(n) = n**3 - 27*n**2 + 88*n + 25. Give j(23).
-67
Let x(l) = -2*l**2 + 72*l - 819. What is x(12)?
-243
Let x(o) = 3*o**2 + 157*o + 1614. Determine x(-14).
4
Let k(r) = -r**3 + 9*r**2 - 7*r - 26. Calculate k(8).
-18
Let w(o) = 2*o**2 - 127*o - 1886. Give w(76).
14
Let s(x) = -3*x**3 + x**2 + 8*x + 5. Give s(2).
1
Let o(n) = -n**3 - 17*n**2 - 44*n - 383. Determine o(-16).
65
Let b(a) = a**3 + 24*a**2 + 96*a + 1675. Determine b(-23).
-4
Let v(m) = 3*m**3 + 57*m**2 - 104*m - 8. Give v(2).
36
Let o(z) = -20*z**2 - 241*z - 20. Determine o(-12).
-8
Let f(z) = -z**3 - 31*z**2 + 29*z - 109. Give f(-32).
-13
Let s(r) = -r**3 + 2*r**2 + 19*r + 24. Determine s(6).
-6
Let k(g) = 14*g - 458. Give k(31).
-24
Let b(k) = k**2 + 75*k - 1448. Determine b(-91).
8
Let k(g) = -g**3 + 8*g**2 + 46*g + 21. What is k(-5)?
116
Let s(i) = -3*i**2 + 175*i + 123. Give s(59).
5
Let s(r) = 5*r - 7. What is s(31)?
148
Let r(t) = -5*t**3 + t**2 + 2*t + 306. What is r(0)?
306
Let g(d) = -15*d**2 - 140*d - 22. Give g(-9).
23
Let l(u) = u**2 + 121*u - 1493. Calculate l(-132).
-41
Let t(y) = -5*y**3 + 41*y**2 + 147*y - 1189. Calculate t(